{"id":8526,"date":"2019-03-26T15:39:36","date_gmt":"2019-03-26T15:39:36","guid":{"rendered":"https:\/\/www.boltechs.com\/?page_id=8526"},"modified":"2019-03-26T20:42:54","modified_gmt":"2019-03-26T20:42:54","slug":"areas-de-actividad","status":"publish","type":"page","link":"https:\/\/www.boltechs.com\/?page_id=8526","title":{"rendered":"Ingenier\u00eda Industrial"},"content":{"rendered":"<div class=\"wpb-content-wrapper\"><p>[vc_row][vc_column][vc_empty_space][vc_custom_heading text=&#8221;- INGENIER\u00cdA INDUSTRIAL -&#8221; font_container=&#8221;tag:h4|text_align:center&#8221; use_theme_fonts=&#8221;yes&#8221;][vc_empty_space][\/vc_column][\/vc_row][vc_row][vc_column width=&#8221;1\/2&#8243;][vc_column_text]<\/p>\n<h5 style=\"text-align: center;\">Conocimiento y Experiencia<\/h5>\n<p><img loading=\"lazy\" decoding=\"async\" class=\"size-full wp-image-8584 aligncenter\" src=\"https:\/\/www.boltechs.com\/wp-content\/uploads\/2019\/03\/boltech-Conocimiento-y-experiencia-boltechs.jpg\" alt=\"\" width=\"555\" height=\"200\" srcset=\"https:\/\/www.boltechs.com\/wp-content\/uploads\/2019\/03\/boltech-Conocimiento-y-experiencia-boltechs.jpg 555w, https:\/\/www.boltechs.com\/wp-content\/uploads\/2019\/03\/boltech-Conocimiento-y-experiencia-boltechs-300x108.jpg 300w\" sizes=\"auto, (max-width: 555px) 100vw, 555px\" \/><\/p>\n<p style=\"text-align: justify;\">Boltechs es una compa\u00f1\u00eda distribuida geogr\u00e1ficamente y con un enfoque global. Para la realizaci\u00f3n de proyectos de ingenier\u00eda ha integrado sus emplazamientos poniendo en pr\u00e1ctica escenarios de colaboraci\u00f3n, utilizando procedimientos y din\u00e1micas de trabajo comunes.<\/p>\n<p style=\"text-align: justify;\"><strong>Boltechs<\/strong> presenta un alto grado de adecuaci\u00f3n a la realizaci\u00f3n de proyectos a nivel internacional, logrando desarrollar los trabajos de manera efectiva y en calidad para diversos entornos culturales, con distintos idiomas, normativa y est\u00e1ndares de aplicaci\u00f3n.<\/p>\n<p style=\"text-align: justify;\">La responsabilidad es un hecho diferencial para Boltechs en el desarrollo de los proyectos, comprometida con la calidad de los trabajos, el cumplimiento de plazos, costes, normativa y est\u00e1ndares de dise\u00f1o, rendimiento del proceso, la pr\u00e1ctica de una metodolog\u00eda propia e integrada, y el uso de las mejores y m\u00e1s avanzadas herramientas de dise\u00f1o, c\u00e1lculo y simulaci\u00f3n disponibles en el mercado.<\/p>\n<p>[\/vc_column_text][\/vc_column][vc_column width=&#8221;1\/2&#8243;][vc_column_text]<\/p>\n<h5 style=\"text-align: center;\">Construcci\u00f3n Industrial<\/h5>\n<p><img loading=\"lazy\" decoding=\"async\" class=\"size-full wp-image-8587 aligncenter\" src=\"https:\/\/www.boltechs.com\/wp-content\/uploads\/2019\/03\/Construcci\u00f3n-industrial-boltechs.jpg\" alt=\"\" width=\"555\" height=\"200\" srcset=\"https:\/\/www.boltechs.com\/wp-content\/uploads\/2019\/03\/Construcci\u00f3n-industrial-boltechs.jpg 555w, https:\/\/www.boltechs.com\/wp-content\/uploads\/2019\/03\/Construcci\u00f3n-industrial-boltechs-300x108.jpg 300w\" sizes=\"auto, (max-width: 555px) 100vw, 555px\" \/><\/p>\n<p style=\"text-align: justify;\"><strong>Equipos cualificados<\/strong>, con importante participaci\u00f3n como proveedor de insumos, tecnolog\u00eda y personal, Boltechs ha desarrollado proyectos llave en mano pr\u00e1cticamente en todos los sectores en los que ha tenido presencia.<\/p>\n<p style=\"text-align: justify;\">Para ello siempre ha contado con equipos altamente cualificados, tanto para las fases iniciales de evaluaci\u00f3n de tecnolog\u00edas e implementaci\u00f3n de \u00e9stas en la soluci\u00f3n de ingenier\u00eda, como para las fases finales de realizaci\u00f3n, comisionamiento y puesta en marcha.<\/p>\n<p>[\/vc_column_text][\/vc_column][\/vc_row][vc_row][vc_column width=&#8221;1\/3&#8243;][vc_column_text]<\/p>\n<h5 style=\"text-align: center;\">Oil &amp; Gas<\/h5>\n<p><img loading=\"lazy\" decoding=\"async\" class=\"size-full wp-image-8581 aligncenter\" src=\"https:\/\/www.boltechs.com\/wp-content\/uploads\/2019\/03\/Oil-y-Gas.jpg\" alt=\"\" width=\"360\" height=\"150\" srcset=\"https:\/\/www.boltechs.com\/wp-content\/uploads\/2019\/03\/Oil-y-Gas.jpg 360w, https:\/\/www.boltechs.com\/wp-content\/uploads\/2019\/03\/Oil-y-Gas-300x125.jpg 300w\" sizes=\"auto, (max-width: 360px) 100vw, 360px\" \/><\/p>\n<p style=\"text-align: justify;\"><strong>La confianza de las grandes compa\u00f1\u00edas<\/strong>, Boltechs realiza gran parte de su actividad en los campos del upstream, refino y almacenamiento y tratamiento de gas.<br \/>\nDa cuenta de su capacidad y buen hacer, la confianza de las principales compa\u00f1\u00edas petroleras.<\/p>\n<p>[\/vc_column_text][\/vc_column][vc_column width=&#8221;1\/3&#8243;][vc_column_text]<\/p>\n<h5 style=\"text-align: center;\">Plantas de proceso<\/h5>\n<p><img loading=\"lazy\" decoding=\"async\" class=\"size-full wp-image-8600 aligncenter\" src=\"https:\/\/www.boltechs.com\/wp-content\/uploads\/2019\/03\/Plantas-de-proceso-1.jpg\" alt=\"\" width=\"360\" height=\"150\" srcset=\"https:\/\/www.boltechs.com\/wp-content\/uploads\/2019\/03\/Plantas-de-proceso-1.jpg 360w, https:\/\/www.boltechs.com\/wp-content\/uploads\/2019\/03\/Plantas-de-proceso-1-300x125.jpg 300w\" sizes=\"auto, (max-width: 360px) 100vw, 360px\" \/><\/p>\n<p style=\"text-align: justify;\"><strong>Ingenier\u00eda de valor<\/strong>, Boltechs aporta know-how, innovaci\u00f3n y experiencia a sus clientes desde su \u00e1rea de Plantas de Proceso. A la vanguardia del desarrollo en \u00e1mbitos como la biotecnolog\u00eda (levadura, procesos de fermentaci\u00f3n, enzimas, almid\u00f3n\u2026), los biocombustibles, la qu\u00edmica y farmacia y ofreciendo propuestas integrales en tratamiento de efluentes, soluciones sostenibles y respetuosas con el medio ambiente.<\/p>\n<p>[\/vc_column_text][\/vc_column][vc_column width=&#8221;1\/3&#8243;][vc_column_text]<\/p>\n<h5>Energ\u00eda e instalaciones industriales<\/h5>\n<p><img loading=\"lazy\" decoding=\"async\" class=\"size-full wp-image-8602 aligncenter\" src=\"https:\/\/www.boltechs.com\/wp-content\/uploads\/2019\/03\/Energ\u00eda-e-instalaciones-industriales-boltechs.jpg\" alt=\"\" width=\"360\" height=\"150\" srcset=\"https:\/\/www.boltechs.com\/wp-content\/uploads\/2019\/03\/Energ\u00eda-e-instalaciones-industriales-boltechs.jpg 360w, https:\/\/www.boltechs.com\/wp-content\/uploads\/2019\/03\/Energ\u00eda-e-instalaciones-industriales-boltechs-300x125.jpg 300w\" sizes=\"auto, (max-width: 360px) 100vw, 360px\" \/><\/p>\n<p style=\"text-align: justify;\"><strong>Un reto al servicio del hombre<\/strong>, La ingenier\u00eda Industrial es uno de los pilares de Boltechs, con un alto grado de especializaci\u00f3n en amplios sectores. Posee una extensa experiencia, con elevada actividad internacional, en \u00e1mbitos que exigen un alto grado de know how aplicado:al desarrollo de la industria petrolera. Tiene acreditada una excelente solvencia en el sector de Oil &amp; Gas, principalmente en refino, en proceso y almacenamiento de GNL.<\/p>\n<p style=\"text-align: justify;\">Boltechs dise\u00f1a y desarrolla proyectos de sistemas industriales y tiene grandes referencias en el mundo del tratamiento de aguas industriales.<\/p>\n<p style=\"text-align: justify;\">En el sector de la generaci\u00f3n de energ\u00eda el\u00e9ctrica esta en condiciones de proporcionar servicio en las fuentes de energ\u00edas renovables y los sistemas de transporte y distribuci\u00f3n.<\/p>\n<p>[\/vc_column_text][\/vc_column][\/vc_row]<\/p>\n<\/div>","protected":false},"excerpt":{"rendered":"<p>[vc_row][vc_column][vc_empty_space][vc_custom_heading text=&#8221;- INGENIER\u00cdA INDUSTRIAL -&#8221; font_container=&#8221;tag:h4|text_align:center&#8221; use_theme_fonts=&#8221;yes&#8221;][vc_empty_space][\/vc_column][\/vc_row][vc_row][vc_column width=&#8221;1\/2&#8243;][vc_column_text] Conocimiento y Experiencia Boltechs es una compa\u00f1\u00eda distribuida geogr\u00e1ficamente y con un enfoque global. Para la realizaci\u00f3n de proyectos de ingenier\u00eda ha integrado sus emplazamientos poniendo en pr\u00e1ctica escenarios de colaboraci\u00f3n, utilizando procedimientos y din\u00e1micas de trabajo comunes. Boltechs presenta un alto grado de adecuaci\u00f3n a la [&hellip;]<\/p>\n","protected":false},"author":1,"featured_media":0,"parent":0,"menu_order":0,"comment_status":"closed","ping_status":"closed","template":"","meta":{"footnotes":""},"class_list":["post-8526","page","type-page","status-publish","hentry"],"_links":{"self":[{"href":"https:\/\/www.boltechs.com\/index.php?rest_route=\/wp\/v2\/pages\/8526","targetHints":{"allow":["GET"]}}],"collection":[{"href":"https:\/\/www.boltechs.com\/index.php?rest_route=\/wp\/v2\/pages"}],"about":[{"href":"https:\/\/www.boltechs.com\/index.php?rest_route=\/wp\/v2\/types\/page"}],"author":[{"embeddable":true,"href":"https:\/\/www.boltechs.com\/index.php?rest_route=\/wp\/v2\/users\/1"}],"replies":[{"embeddable":true,"href":"https:\/\/www.boltechs.com\/index.php?rest_route=%2Fwp%2Fv2%2Fcomments&post=8526"}],"version-history":[{"count":28,"href":"https:\/\/www.boltechs.com\/index.php?rest_route=\/wp\/v2\/pages\/8526\/revisions"}],"predecessor-version":[{"id":8603,"href":"https:\/\/www.boltechs.com\/index.php?rest_route=\/wp\/v2\/pages\/8526\/revisions\/8603"}],"wp:attachment":[{"href":"https:\/\/www.boltechs.com\/index.php?rest_route=%2Fwp%2Fv2%2Fmedia&parent=8526"}],"curies":[{"name":"wp","href":"https:\/\/api.w.org\/{rel}","templated":true}]}}